{"id":1667,"date":"2026-04-12T17:26:09","date_gmt":"2026-04-12T17:26:09","guid":{"rendered":"https:\/\/www.conectacontudivinidad.com\/?page_id=1667"},"modified":"2026-04-12T18:13:04","modified_gmt":"2026-04-12T18:13:04","slug":"codigo-sagrados-de-agesta","status":"publish","type":"page","link":"https:\/\/www.conectacontudivinidad.com\/index.php\/codigo-sagrados-de-agesta\/","title":{"rendered":"C\u00d3DIGO SAGRADOS DE AGESTA"},"content":{"rendered":"\t\t<div data-elementor-type=\"wp-page\" data-elementor-id=\"1667\" class=\"elementor elementor-1667\">\n\t\t\t\t<div class=\"elementor-element elementor-element-76e7973 e-flex e-con-boxed e-con e-parent\" data-id=\"76e7973\" data-element_type=\"container\" data-e-type=\"container\">\n\t\t\t\t\t<div class=\"e-con-inner\">\n\t\t\t\t<div class=\"elementor-element elementor-element-e635da3 elementor-widget elementor-widget-html\" data-id=\"e635da3\" data-element_type=\"widget\" data-e-type=\"widget\" data-widget_type=\"html.default\">\n\t\t\t\t\t<!DOCTYPE html>\r\n<html lang=\"es\">\r\n<head>\r\n<meta charset=\"UTF-8\">\r\n<title>C\u00f3digos Sagrados - Agesta<\/title>\r\n\r\n<style>\r\nbody {\r\n  font-family: Arial;\r\n  background: radial-gradient(circle, #1a0033, #000);\r\n  color: #fff;\r\n  margin: 0;\r\n}\r\n\r\n.container {\r\n  max-width: 900px;\r\n  margin: auto;\r\n  padding: 20px;\r\n}\r\n\r\nh1 {\r\n  text-align: center;\r\n  color: #d1a3ff;\r\n  text-shadow: 0 0 10px #b366ff;\r\n}\r\n\r\n.card {\r\n  background: rgba(255,255,255,0.05);\r\n  padding: 15px;\r\n  border-radius: 12px;\r\n  margin: 10px 0;\r\n  border: 1px solid rgba(255,255,255,0.1);\r\n}\r\n\r\ninput, select {\r\n  width: 100%;\r\n  padding: 10px;\r\n  margin: 8px 0;\r\n  border-radius: 8px;\r\n  border: none;\r\n}\r\n\r\nbutton {\r\n  padding: 10px;\r\n  border: none;\r\n  border-radius: 8px;\r\n  cursor: pointer;\r\n  background: #b366ff;\r\n  color: white;\r\n  margin-top: 5px;\r\n}\r\n\r\nbutton:hover {\r\n  background: #9933ff;\r\n}\r\n\r\n.codigo {\r\n  padding: 10px;\r\n  margin: 8px 0;\r\n  border-radius: 8px;\r\n  background: rgba(179,102,255,0.2);\r\n}\r\n<\/style>\r\n\r\n<script>\r\nlet baseDatos = [\r\n{codigo:\"520\", desc:\"Cambios positivos\", cat:\"vida\"},\r\n{codigo:\"741\", desc:\"Limpieza energ\u00e9tica\", cat:\"energia\"},\r\n{codigo:\"888\", desc:\"Abundancia\", cat:\"dinero\"},\r\n{codigo:\"333\", desc:\"Protecci\u00f3n\", cat:\"proteccion\"},\r\n{codigo:\"1122\", desc:\"Armon\u00eda familiar\", cat:\"amor\"},\r\n{codigo:\"919\", desc:\"Nuevas oportunidades\", cat:\"vida\"},\r\n{codigo:\"777\", desc:\"Conexi\u00f3n espiritual\", cat:\"espiritual\"},\r\n{codigo:\"123\", desc:\"Orden mental\", cat:\"mente\"},\r\n{codigo:\"456\", desc:\"Estabilidad\", cat:\"vida\"},\r\n{codigo:\"999\", desc:\"Cierre de ciclos\", cat:\"vida\"},\r\n\r\n\/\/ puedes a\u00f1adir cientos aqu\u00ed f\u00e1cilmente\r\n];\r\n\r\nfunction mostrar() {\r\n  let texto = document.getElementById(\"busqueda\").value.toLowerCase();\r\n  let categoria = document.getElementById(\"categoria\").value;\r\n\r\n  let cont = document.getElementById(\"resultados\");\r\n  cont.innerHTML = \"\";\r\n\r\n  baseDatos.forEach(item => {\r\n    if (\r\n      (item.desc.toLowerCase().includes(texto) || item.codigo.includes(texto)) &&\r\n      (categoria === \"todos\" || item.cat === categoria)\r\n    ) {\r\n      cont.innerHTML += `\r\n      <div class=\"codigo\">\r\n        <strong>${item.codigo}<\/strong> \u2013 ${item.desc}\r\n        <br>\r\n        <button onclick=\"copiar('${item.codigo}')\">\ud83d\udccb Copiar<\/button>\r\n      <\/div>`;\r\n    }\r\n  });\r\n}\r\n\r\nfunction copiar(texto) {\r\n  navigator.clipboard.writeText(texto);\r\n  alert(\"C\u00f3digo copiado: \" + texto);\r\n}\r\n\r\nfunction descargar() {\r\n  let contenido = document.documentElement.outerHTML;\r\n  let blob = new Blob([contenido], { type: \"text\/html\" });\r\n  let enlace = document.createElement(\"a\");\r\n  enlace.href = URL.createObjectURL(blob);\r\n  enlace.download = \"agesta_pro.html\";\r\n  enlace.click();\r\n}\r\n<\/script>\r\n\r\n<\/head>\r\n<body onload=\"mostrar()\">\r\n\r\n<div class=\"container\">\r\n\r\n<h1>\u2728 C\u00f3digos Sagrados de Agesta \u2728<\/h1>\r\n\r\n<button onclick=\"descargar()\">\u2b07 Descargar p\u00e1gina<\/button>\r\n\r\n<div class=\"card\">\r\n<h2>\ud83d\udd2e Protocolo<\/h2>\r\n<p>Repite el c\u00f3digo 45 veces con intenci\u00f3n clara y enfoque mental.<\/p>\r\n<\/div>\r\n\r\n<div class=\"card\">\r\n<h2>\ud83d\udd0d Buscador avanzado<\/h2>\r\n\r\n<input type=\"text\" id=\"busqueda\" onkeyup=\"mostrar()\" placeholder=\"Buscar...\">\r\n\r\n<select id=\"categoria\" onchange=\"mostrar()\">\r\n<option value=\"todos\">Todas las categor\u00edas<\/option>\r\n<option value=\"vida\">Vida<\/option>\r\n<option value=\"energia\">Energ\u00eda<\/option>\r\n<option value=\"dinero\">Dinero<\/option>\r\n<option value=\"amor\">Amor<\/option>\r\n<option value=\"proteccion\">Protecci\u00f3n<\/option>\r\n<option value=\"espiritual\">Espiritual<\/option>\r\n<option value=\"mente\">Mente<\/option>\r\n<\/select>\r\n\r\n<\/div>\r\n\r\n<div id=\"resultados\"><\/div>\r\n\r\n<\/div>\r\n\r\n<\/body>\r\n<\/html>\t\t\t\t<\/div>\n\t\t\t\t\t<\/div>\n\t\t\t\t<\/div>\n\t\t\t\t<div class=\"elementor-element elementor-element-0b3a001 e-con e-atomic-element e-flexbox-base\" data-id=\"0b3a001\" data-element_type=\"e-flexbox\" data-e-type=\"e-flexbox\" data-interaction-id=\"0b3a001\">\n\t\t\t\t\t\t\t\t<p class=\"e-paragraph-base\" data-interaction-id=\"dfda9e7\"  >\n\t\t\t\t\t\t\t\t<em>Todo en el universo es energ\u00eda, y cuando nuestra energ\u00eda est\u00e1 en armon\u00eda, nuestra vida fluye con paz, amor y abundancia. A trav\u00e9s de terapias hol\u00edsticas como Reiki, P\u00e9ndulo Hebreo y cristales et\u00e9reos, te acompa\u00f1o en tu proceso de sanaci\u00f3n y transformaci\u00f3n. Es momento de liberar bloqueos, sanar tu<\/em>\n\t\t\t\t\t<\/p>\n\t\t\t\t<\/div>\n\t\t\t\t<\/div>\n\t\t","protected":false},"excerpt":{"rendered":"<p>C\u00f3digos Sagrados &#8211; Agesta \u2728 C\u00f3digos Sagrados de Agesta \u2728 \u2b07 Descargar p\u00e1gina \ud83d\udd2e Protocolo Repite el c\u00f3digo 45 veces con intenci\u00f3n clara y enfoque mental. \ud83d\udd0d Buscador avanzado Todas las categor\u00edasVidaEnerg\u00edaDineroAmorProtecci\u00f3nEspiritualMente Todo en el universo es energ\u00eda, y cuando nuestra energ\u00eda est\u00e1 en armon\u00eda, nuestra vida fluye con paz, amor y abundancia. A trav\u00e9s [&hellip;]<\/p>\n","protected":false},"author":2,"featured_media":0,"parent":0,"menu_order":0,"comment_status":"closed","ping_status":"closed","template":"","meta":{"site-sidebar-layout":"no-sidebar","site-content-layout":"page-builder","ast-site-content-layout":"full-width-container","site-content-style":"unboxed","site-sidebar-style":"unboxed","ast-global-header-display":"","ast-banner-title-visibility":"","ast-main-header-display":"","ast-hfb-above-header-display":"","ast-hfb-below-header-display":"","ast-hfb-mobile-header-display":"","site-post-title":"","ast-breadcrumbs-content":"","ast-featured-img":"disabled","footer-sml-layout":"","ast-disable-related-posts":"","theme-transparent-header-meta":"","adv-header-id-meta":"","stick-header-meta":"","header-above-stick-meta":"","header-main-stick-meta":"","header-below-stick-meta":"","astra-migrate-meta-layouts":"set","ast-page-background-enabled":"default","ast-page-background-meta":{"desktop":{"background-color":"","background-image":"","background-repeat":"repeat","background-position":"center center","background-size":"auto","background-attachment":"scroll","background-type":"","background-media":"","overlay-type":"","overlay-color":"","overlay-opacity":"","overlay-gradient":""},"tablet":{"background-color":"","background-image":"","background-repeat":"repeat","background-position":"center center","background-size":"auto","background-attachment":"scroll","background-type":"","background-media":"","overlay-type":"","overlay-color":"","overlay-opacity":"","overlay-gradient":""},"mobile":{"background-color":"","background-image":"","background-repeat":"repeat","background-position":"center center","background-size":"auto","background-attachment":"scroll","background-type":"","background-media":"","overlay-type":"","overlay-color":"","overlay-opacity":"","overlay-gradient":""}},"ast-content-background-meta":{"desktop":{"background-color":"var(--ast-global-color-5)","background-image":"","background-repeat":"repeat","background-position":"center center","background-size":"auto","background-attachment":"scroll","background-type":"","background-media":"","overlay-type":"","overlay-color":"","overlay-opacity":"","overlay-gradient":""},"tablet":{"background-color":"var(--ast-global-color-5)","background-image":"","background-repeat":"repeat","background-position":"center center","background-size":"auto","background-attachment":"scroll","background-type":"","background-media":"","overlay-type":"","overlay-color":"","overlay-opacity":"","overlay-gradient":""},"mobile":{"background-color":"var(--ast-global-color-5)","background-image":"","background-repeat":"repeat","background-position":"center center","background-size":"auto","background-attachment":"scroll","background-type":"","background-media":"","overlay-type":"","overlay-color":"","overlay-opacity":"","overlay-gradient":""}},"footnotes":""},"class_list":["post-1667","page","type-page","status-publish","hentry"],"_links":{"self":[{"href":"https:\/\/www.conectacontudivinidad.com\/index.php\/wp-json\/wp\/v2\/pages\/1667","targetHints":{"allow":["GET"]}}],"collection":[{"href":"https:\/\/www.conectacontudivinidad.com\/index.php\/wp-json\/wp\/v2\/pages"}],"about":[{"href":"https:\/\/www.conectacontudivinidad.com\/index.php\/wp-json\/wp\/v2\/types\/page"}],"author":[{"embeddable":true,"href":"https:\/\/www.conectacontudivinidad.com\/index.php\/wp-json\/wp\/v2\/users\/2"}],"replies":[{"embeddable":true,"href":"https:\/\/www.conectacontudivinidad.com\/index.php\/wp-json\/wp\/v2\/comments?post=1667"}],"version-history":[{"count":8,"href":"https:\/\/www.conectacontudivinidad.com\/index.php\/wp-json\/wp\/v2\/pages\/1667\/revisions"}],"predecessor-version":[{"id":1856,"href":"https:\/\/www.conectacontudivinidad.com\/index.php\/wp-json\/wp\/v2\/pages\/1667\/revisions\/1856"}],"wp:attachment":[{"href":"https:\/\/www.conectacontudivinidad.com\/index.php\/wp-json\/wp\/v2\/media?parent=1667"}],"curies":[{"name":"wp","href":"https:\/\/api.w.org\/{rel}","templated":true}]}}